{"id":618,"date":"2016-05-08T19:02:41","date_gmt":"2016-05-08T19:02:41","guid":{"rendered":"http:\/\/inspirationdesurvie.net\/blog\/?page_id=618"},"modified":"2016-05-22T18:48:53","modified_gmt":"2016-05-22T18:48:53","slug":"une-longue-nuit","status":"publish","type":"page","link":"https:\/\/inspirationdesurvie.net\/blog\/la-revolution-alteienne\/une-longue-nuit\/","title":{"rendered":"Une longue nuit"},"content":{"rendered":"<p align=\"justify\"><span style=\"font-size: medium;\">La nuit est tomb\u00e9e sur la cellule du prince Jan sans que cela ne change rien \u00e0 l\u2019obscurit\u00e9 moite d\u00e9j\u00e0 en place. Le temps passe, rythm\u00e9 par une musique compos\u00e9e de sons \u00e9touff\u00e9s et lointains. Le prisonnier est assis sur sa paillasse. Autour de lui flotte une odeur d\u2019urine et de moisi \u00e0 laquelle il commence, malgr\u00e9 lui, \u00e0 s\u2019habituer. Cela n\u2019emp\u00eache d\u2019ailleurs plus son estomac de gronder. La faim le rattrape et son ventre \u00e9met maintenant des gargouillements sonores \u00e0 intervalles r\u00e9guliers, participant \u00e0 la musique des cachots. Il regarde d\u2019un \u0153il vide le mur qui lui fait face. Apr\u00e8s avoir beaucoup cri\u00e9, il s\u2019est couch\u00e9, en esp\u00e9rant se r\u00e9veiller autre part. Cela n\u2019a pas fonctionn\u00e9. Il a donc cri\u00e9 de plus belle, sans plus de succ\u00e8s, jusqu\u2019\u00e0 ce que sa voix se casse. Maintenant, il fixe le mur d\u2019en face, d\u2019un \u0153il vide.<\/span><\/p>\n<p align=\"justify\"><span style=\"font-size: medium;\">Maintenant, il commence \u00e0 se souvenir de ce qui s\u2019est pass\u00e9 avec plus de pr\u00e9cision. Lui et son \u00e9cuyer chevauchaient dans la banlieue campagnarde de Pontargue, un coin plut\u00f4t s\u00fbr du royaume. Arriv\u00e9 dans la for\u00eat situ\u00e9e \u00e0 quelques kilom\u00e8tres de la ville, ils ont \u00e9t\u00e9 attaqu\u00e9s par des bandits en maraude. La technique habituelle, terriblement efficace\u00a0: un arbre en travers de la route et un groupe d\u2019hommes arm\u00e9s de lances et de b\u00e2tons sur les c\u00f4t\u00e9s. Impossible de s\u2019\u00e9chapper. Un coup de massue l\u2019a fait tomber de cheval. Un autre l\u2019a envoy\u00e9 dans les vapeurs de l\u2019inconscience. Jan repense \u00e0 tout \u00e7a et masse son cr\u00e2ne. Une bosse est apparue, d\u00e9formant son cr\u00e2ne princier.<\/span><\/p>\n<p align=\"justify\"><span style=\"font-size: medium;\">Combien de temps est-il rest\u00e9 \u00e9vanoui\u00a0? Il n\u2019en sait rien. Il moisit dans ce cachot depuis de longues heures et rien ne peut lui en apprendre davantage sur le sort que ses ravisseurs lui r\u00e9servent. Il ne sait pas o\u00f9 est son \u00e9cuyer, mais imagine le pire \u00e0 son sujet. De temps en temps, un cri surgit et il a parfois l\u2019impression de reconnaitre sa voix, au loin. Mais \u00e7a pourrait \u00eatre le hurlement de n\u2019importe qui. Apr\u00e8s tout, le prince n\u2019a jamais entendu son compagnon de voyage crier comme \u00e7a. Il n\u2019a d\u2019ailleurs jamais entendu personne crier comme \u00e7a. Il n\u2019imagine pas quel genre torture peut d\u00e9former une voix \u00e0 ce point. Il n\u2019y a presque plus rien d\u2019humain en elle, \u00e9clat\u00e9e entre les sanglots et la douleur pure, qui exploserait en vagues sonores.<\/span><\/p>\n<p align=\"justify\"><span style=\"font-size: medium;\">Apr\u00e8s des heures et des heures de cris, de lamentations et de faim dans l\u2019obscurit\u00e9, Jan se demande s\u2019il n\u2019est pas simplement en train de cauchemarder. Apr\u00e8s tout, il existe de part le monde des magiciens experts en illusion capables de jouer avec les esprits. Le cerveau humain, tout complexe qu\u2019il soit, reste mall\u00e9able et tendre entre des mains expertes. Il est possible d\u2019y instiller la folie de mille fa\u00e7ons, parfois sans que la cible ne se rende compte de quoi que ce soit. Le prince se prend \u00e0 penser qu\u2019il n\u2019est que la victime d\u2019une hallucination et qu\u2019il se r\u00e9veillera sous peu. Malgr\u00e9 tout, il ne parvient pas \u00e0 se convaincre de cela\u00a0: impossible qu\u2019une illusion arrive \u00e0 transcrire cette l\u00e9g\u00e8re odeur de peur qu\u2019il sent, m\u00eal\u00e9e aux parfums de moisissure et d\u2019humidit\u00e9. Tout ici est trop irr\u00e9el pour \u00eatre faux. Seule la r\u00e9alit\u00e9 peut \u00eatre \u00e0 ce point d\u00e9taill\u00e9e dans l\u2019horreur.<\/span><\/p>\n<p align=\"justify\"><span style=\"font-size: medium;\">Une heure passe encore avant qu\u2019un bruit diff\u00e9rent des autres ne fasse relever la t\u00eate \u00e0 Jan. Une clef tourne dans la serrure de la porte \u00e0 l\u2019autre bout de sa cellule. Le bruit m\u00e9tallique est accompagn\u00e9 de celui de la conversation entre deux hommes, pour l\u2019instant inintelligibles. Nul doute que cela signe la fin de cette situation absurde. Ces braves gens vont s\u00fbrement comprendre leur erreur et r\u00e9pondre aux questions que Jan se pose sans cesse depuis tant de temps.<\/span><\/p>\n<p style=\"text-align: center;\" align=\"justify\"><a href=\"https:\/\/inspirationdesurvie.net\/blog\/la-revolution-alteienne\/une-soiree-sans-accroc\/\">Pr\u00e9c\u00e9dent<\/a> &#8211; <a href=\"https:\/\/inspirationdesurvie.net\/blog\/la-revolution-alteienne\/le-debut-de-laventure\/\">Suivant<\/a><\/p>\n","protected":false},"excerpt":{"rendered":"<p>La nuit est tomb\u00e9e sur la cellule du prince Jan sans que cela ne change rien \u00e0 l\u2019obscurit\u00e9 moite d\u00e9j\u00e0 en place. Le temps passe, rythm\u00e9 par une musique compos\u00e9e de sons \u00e9touff\u00e9s et lointains. Le prisonnier est assis sur sa paillasse. Autour de lui flotte une odeur d\u2019urine et de moisi \u00e0 laquelle il [&hellip;]<\/p>\n","protected":false},"author":1,"featured_media":0,"parent":579,"menu_order":0,"comment_status":"closed","ping_status":"closed","template":"","meta":{"jetpack_post_was_ever_published":false,"footnotes":""},"class_list":["post-618","page","type-page","status-publish","hentry"],"jetpack_shortlink":"https:\/\/wp.me\/P4m3os-9Y","jetpack_sharing_enabled":true,"_links":{"self":[{"href":"https:\/\/inspirationdesurvie.net\/blog\/wp-json\/wp\/v2\/pages\/618","targetHints":{"allow":["GET"]}}],"collection":[{"href":"https:\/\/inspirationdesurvie.net\/blog\/wp-json\/wp\/v2\/pages"}],"about":[{"href":"https:\/\/inspirationdesurvie.net\/blog\/wp-json\/wp\/v2\/types\/page"}],"author":[{"embeddable":true,"href":"https:\/\/inspirationdesurvie.net\/blog\/wp-json\/wp\/v2\/users\/1"}],"replies":[{"embeddable":true,"href":"https:\/\/inspirationdesurvie.net\/blog\/wp-json\/wp\/v2\/comments?post=618"}],"version-history":[{"count":4,"href":"https:\/\/inspirationdesurvie.net\/blog\/wp-json\/wp\/v2\/pages\/618\/revisions"}],"predecessor-version":[{"id":629,"href":"https:\/\/inspirationdesurvie.net\/blog\/wp-json\/wp\/v2\/pages\/618\/revisions\/629"}],"up":[{"embeddable":true,"href":"https:\/\/inspirationdesurvie.net\/blog\/wp-json\/wp\/v2\/pages\/579"}],"wp:attachment":[{"href":"https:\/\/inspirationdesurvie.net\/blog\/wp-json\/wp\/v2\/media?parent=618"}],"curies":[{"name":"wp","href":"https:\/\/api.w.org\/{rel}","templated":true}]}}